{"id":341,"date":"2022-08-26T03:50:44","date_gmt":"2022-08-26T03:50:44","guid":{"rendered":"https:\/\/oncohem.com.ec\/?page_id=341"},"modified":"2022-08-26T04:35:37","modified_gmt":"2022-08-26T04:35:37","slug":"dra-erika-serrano","status":"publish","type":"page","link":"https:\/\/oncohem.com.ec\/index.php\/dra-erika-serrano\/","title":{"rendered":"Dra. Erika Serrano"},"content":{"rendered":"\t\t<div data-elementor-type=\"wp-page\" data-elementor-id=\"341\" class=\"elementor elementor-341\">\n\t\t\t\t\t\t\t\t\t<section class=\"elementor-section elementor-top-section elementor-element elementor-element-de0eb2e elementor-section-boxed elementor-section-height-default elementor-section-height-default\" data-id=\"de0eb2e\" data-element_type=\"section\">\n\t\t\t\t\t\t<div class=\"elementor-container elementor-column-gap-default\">\n\t\t\t\t\t<div class=\"elementor-column elementor-col-50 elementor-top-column elementor-element elementor-element-2e41140\" data-id=\"2e41140\" data-element_type=\"column\">\n\t\t\t<div class=\"elementor-widget-wrap elementor-element-populated\">\n\t\t\t\t\t\t\t\t<div class=\"elementor-element elementor-element-378752c elementor-widget elementor-widget-image\" data-id=\"378752c\" data-element_type=\"widget\" data-widget_type=\"image.default\">\n\t\t\t\t<div class=\"elementor-widget-container\">\n\t\t\t<style>\/*! elementor - v3.7.2 - 21-08-2022 *\/\n.elementor-widget-image{text-align:center}.elementor-widget-image a{display:inline-block}.elementor-widget-image a img[src$=\".svg\"]{width:48px}.elementor-widget-image img{vertical-align:middle;display:inline-block}<\/style>\t\t\t\t\t\t\t\t\t\t\t\t<img loading=\"lazy\" decoding=\"async\" width=\"139\" height=\"178\" src=\"https:\/\/oncohem.com.ec\/wp-content\/uploads\/2022\/08\/FOTO-CARNET-CV-e1661656708956.jpeg\" class=\"attachment-large size-large\" alt=\"\" \/>\t\t\t\t\t\t\t\t\t\t\t\t\t\t\t<\/div>\n\t\t\t\t<\/div>\n\t\t\t\t\t<\/div>\n\t\t<\/div>\n\t\t\t\t<div class=\"elementor-column elementor-col-50 elementor-top-column elementor-element elementor-element-07a74bb\" data-id=\"07a74bb\" data-element_type=\"column\">\n\t\t\t<div class=\"elementor-widget-wrap elementor-element-populated\">\n\t\t\t\t\t\t\t\t<div class=\"elementor-element elementor-element-afb68e5 elementor-widget elementor-widget-heading\" data-id=\"afb68e5\" data-element_type=\"widget\" data-widget_type=\"heading.default\">\n\t\t\t\t<div class=\"elementor-widget-container\">\n\t\t\t<style>\/*! elementor - v3.7.2 - 21-08-2022 *\/\n.elementor-heading-title{padding:0;margin:0;line-height:1}.elementor-widget-heading .elementor-heading-title[class*=elementor-size-]>a{color:inherit;font-size:inherit;line-height:inherit}.elementor-widget-heading .elementor-heading-title.elementor-size-small{font-size:15px}.elementor-widget-heading .elementor-heading-title.elementor-size-medium{font-size:19px}.elementor-widget-heading .elementor-heading-title.elementor-size-large{font-size:29px}.elementor-widget-heading .elementor-heading-title.elementor-size-xl{font-size:39px}.elementor-widget-heading .elementor-heading-title.elementor-size-xxl{font-size:59px}<\/style><h2 class=\"elementor-heading-title elementor-size-default\">Dra. Erika Judith Serrano Bueno<\/h2>\t\t<\/div>\n\t\t\t\t<\/div>\n\t\t\t\t<div class=\"elementor-element elementor-element-b56e0ee elementor-widget elementor-widget-text-editor\" data-id=\"b56e0ee\" data-element_type=\"widget\" data-widget_type=\"text-editor.default\">\n\t\t\t\t<div class=\"elementor-widget-container\">\n\t\t\t<style>\/*! elementor - v3.7.2 - 21-08-2022 *\/\n.elementor-widget-text-editor.elementor-drop-cap-view-stacked .elementor-drop-cap{background-color:#818a91;color:#fff}.elementor-widget-text-editor.elementor-drop-cap-view-framed .elementor-drop-cap{color:#818a91;border:3px solid;background-color:transparent}.elementor-widget-text-editor:not(.elementor-drop-cap-view-default) .elementor-drop-cap{margin-top:8px}.elementor-widget-text-editor:not(.elementor-drop-cap-view-default) .elementor-drop-cap-letter{width:1em;height:1em}.elementor-widget-text-editor .elementor-drop-cap{float:left;text-align:center;line-height:1;font-size:50px}.elementor-widget-text-editor .elementor-drop-cap-letter{display:inline-block}<\/style>\t\t\t\t<ul><li><strong>Fecha de Nacimiento:<\/strong> 27 de Marzo de 1977<\/li><li><strong>Nacionalidad:<\/strong>\u00a0 Ecuatoriana<\/li><li><strong>Tel\u00e9fono:<\/strong> 6003007<\/li><li><strong>Celular:<\/strong> 0997010722<\/li><li><strong>Consultorio:<\/strong> Av. Fco Bolona 717 Torre Medica XIMA 7mo. Piso Of 705<\/li><li><strong>Telefono:<\/strong> 5097010<\/li><li><strong>Mail:<\/strong> ejserrano77@yahoo.com<\/li><\/ul>\t\t\t\t\t\t<\/div>\n\t\t\t\t<\/div>\n\t\t\t\t\t<\/div>\n\t\t<\/div>\n\t\t\t\t\t\t\t<\/div>\n\t\t<\/section>\n\t\t\t\t<section class=\"elementor-section elementor-top-section elementor-element elementor-element-fe7a450 elementor-section-boxed elementor-section-height-default elementor-section-height-default\" data-id=\"fe7a450\" data-element_type=\"section\">\n\t\t\t\t\t\t<div class=\"elementor-container elementor-column-gap-default\">\n\t\t\t\t\t<div class=\"elementor-column elementor-col-100 elementor-top-column elementor-element elementor-element-42993c1\" data-id=\"42993c1\" data-element_type=\"column\">\n\t\t\t<div class=\"elementor-widget-wrap elementor-element-populated\">\n\t\t\t\t\t\t\t\t<div class=\"elementor-element elementor-element-0d61f23 elementor-widget elementor-widget-heading\" data-id=\"0d61f23\" data-element_type=\"widget\" data-widget_type=\"heading.default\">\n\t\t\t\t<div class=\"elementor-widget-container\">\n\t\t\t<h3 class=\"elementor-heading-title elementor-size-default\">Formaci\u00f3n Acad\u00e9mica<\/h3>\t\t<\/div>\n\t\t\t\t<\/div>\n\t\t\t\t<div class=\"elementor-element elementor-element-449b699 elementor-widget elementor-widget-text-editor\" data-id=\"449b699\" data-element_type=\"widget\" data-widget_type=\"text-editor.default\">\n\t\t\t\t<div class=\"elementor-widget-container\">\n\t\t\t\t\t\t\t<ul><li>1989\u00a0 &#8211;\u00a0 2003\u00a0 \u00a0 M\u00e9dico &#8211; Universidad de Guayaquil<\/li><li>2005\u00a0 &#8211;\u00a0 2008\u00a0 \u00a0 Especialista en Medicina Interna &#8211; Universidad de Guayaquil.<\/li><li>2014 &#8211;\u00a0 2016\u00a0 \u00a0 \u00a0Especialista en Oncolog\u00eda Clinica &#8211; Universidad Cat\u00f3lica Santa Mar\u00eda de los Buenos Aires<\/li><li>2015 \u2013 2016\u00a0\u00a0\u00a0\u00a0\u00a0 Fellow en Cuidados Paliativos &#8211; Universidad Del Salvador \u00a0(USAL)\u2013 Argentina<\/li><\/ul>\t\t\t\t\t\t<\/div>\n\t\t\t\t<\/div>\n\t\t\t\t\t<\/div>\n\t\t<\/div>\n\t\t\t\t\t\t\t<\/div>\n\t\t<\/section>\n\t\t\t\t<section class=\"elementor-section elementor-top-section elementor-element elementor-element-7e03bf7 elementor-section-boxed elementor-section-height-default elementor-section-height-default\" data-id=\"7e03bf7\" data-element_type=\"section\">\n\t\t\t\t\t\t<div class=\"elementor-container elementor-column-gap-default\">\n\t\t\t\t\t<div class=\"elementor-column elementor-col-100 elementor-top-column elementor-element elementor-element-71f6b89\" data-id=\"71f6b89\" data-element_type=\"column\">\n\t\t\t<div class=\"elementor-widget-wrap elementor-element-populated\">\n\t\t\t\t\t\t\t\t<div class=\"elementor-element elementor-element-8ff90ca elementor-widget elementor-widget-heading\" data-id=\"8ff90ca\" data-element_type=\"widget\" data-widget_type=\"heading.default\">\n\t\t\t\t<div class=\"elementor-widget-container\">\n\t\t\t<h3 class=\"elementor-heading-title elementor-size-default\">Experiencia Laboral<\/h3>\t\t<\/div>\n\t\t\t\t<\/div>\n\t\t\t\t<div class=\"elementor-element elementor-element-4edc9ce elementor-widget elementor-widget-text-editor\" data-id=\"4edc9ce\" data-element_type=\"widget\" data-widget_type=\"text-editor.default\">\n\t\t\t\t<div class=\"elementor-widget-container\">\n\t\t\t\t\t\t\t<ul><li>Octubre 2005\u00a0 &#8211;\u00a0 Septiembre 2008 Residencia Medica Docente Asistencial de POSTGRADO Medicina\u00a0 \u00a0 \u00a0 \u00a0 \u00a0 \u00a0 \u00a0 \u00a0 \u00a0 \u00a0 \u00a0 \u00a0 \u00a0 \u00a0 \u00a0 \u00a0 \u00a0 \u00a0 \u00a0 \u00a0 \u00a0 \u00a0 \u00a0 \u00a0 \u00a0 \u00a0 \u00a0 \u00a0 \u00a0 \u00a0 \u00a0 \u00a0 \u00a0 \u00a0 \u00a0 \u00a0 \u00a0 \u00a0 \u00a0 \u00a0 \u00a0 \u00a0 \u00a0 \u00a0 \u00a0 \u00a0 \u00a0 \u00a0 \u00a0 \u00a0 \u00a0 \u00a0 \u00a0 \u00a0 \u00a0 \u00a0 \u00a0 \u00a0 \u00a0 \u00a0 \u00a0 \u00a0 \u00a0 \u00a0 \u00a0 \u00a0 \u00a0 \u00a0 \u00a0 \u00a0 \u00a0 Interna. Hospital Juan Tanca Marengo ION\u00a0 &#8211; SOLCA.<\/li><li>Octubre 2008\u00a0 &#8211;\u00a0 Septiembre 2009\u00a0 Jefatura de Medico Residentes Medicina Interna. Hospital Juan Tanca Marengo ION &#8211; SOLCA<\/li><li>Octubre 2009\u00a0 &#8211;\u00a0 Febrero 2010\u00a0\u00a0\u00a0\u00a0\u00a0\u00a0\u00a0\u00a0 M\u00e9dico tratante \u00e1rea de Pre-admisi\u00f3n Instituto Oncol\u00f3gico Nacional. SOLCA Guayaquil.<\/li><li>Febrero 2010 &#8211;\u00a0 Marzo 2014 \u00a0\u00a0\u00a0\u00a0\u00a0\u00a0\u00a0\u00a0\u00a0\u00a0\u00a0 M\u00e9dico tratante \u00a0en el \u00e1rea de Oncolog\u00eda Cl\u00ednica y Medicina del Dolor en Hospital Naval Guayaquil.<\/li><li>Abril 2014- Diciembre 2016\u00a0 \u00a0 \u00a0 \u00a0 \u00a0 \u00a0 \u00a0 Posgrado de Oncolog\u00eda Cl\u00ednica en la Universidad Cat\u00f3lica de Buenos Aires- Argentina.<\/li><li>Junio2015-Junio 2016\u00a0 \u00a0 \u00a0 \u00a0 \u00a0 \u00a0 \u00a0 \u00a0 \u00a0 \u00a0 \u00a0 FELLOW\u00a0 en Cuidados Paliativos en la Universidad Del Salvador (ARGENTINA)<\/li><li>Junio 2017\u00a0 \u00a0 \u00a0 \u00a0 \u00a0 \u00a0 \u00a0 \u00a0 \u00a0 \u00a0 \u00a0 \u00a0 \u00a0 \u00a0 \u00a0 \u00a0 \u00a0 \u00a0 \u00a0 \u00a0 \u00a0 \u00a0Medico Tratante de Oncolog\u00eda Cl\u00ednica en Hospital Naval Guayaquil<\/li><li>Febrero 2017\u00a0 \u00a0 \u00a0 \u00a0 \u00a0 \u00a0 \u00a0 \u00a0 \u00a0 \u00a0 \u00a0 \u00a0 \u00a0 \u00a0 \u00a0 \u00a0 \u00a0 \u00a0 \u00a0 \u00a0Miembro de la SOCIEDAD DE ONCOLOGIA ECUATORIANA ( SEO)<\/li><li>Marzo 2019\u00a0 \u00a0 \u00a0 \u00a0 \u00a0 \u00a0 \u00a0 \u00a0 \u00a0 \u00a0 \u00a0 \u00a0 \u00a0 \u00a0 \u00a0 \u00a0 \u00a0 \u00a0 \u00a0 \u00a0 \u00a0Miembro de la ASOCIACION ECUATORIANA DE CUIDADOS PALIATIVOS<\/li><li>Julio 2019\u00a0 \u00a0 \u00a0 \u00a0 \u00a0 \u00a0 \u00a0 \u00a0 \u00a0 \u00a0 \u00a0 \u00a0 \u00a0 \u00a0 \u00a0 \u00a0 \u00a0 \u00a0 \u00a0 \u00a0 \u00a0 \u00a0 Miembro del Comit\u00e9 Editorial Interno de la REVISTA MEDICA 2019 NAVAL<\/li><li>Septiembre 2019\u00a0 \u00a0 \u00a0 \u00a0 \u00a0 \u00a0 \u00a0 \u00a0 \u00a0 \u00a0 \u00a0 \u00a0 \u00a0 \u00a0 \u00a0 \u00a0 Miembro de la SOCIEDAD DE PATOLOGIA MAMARIA ( SEPAM )<\/li><li>Enero 2019\u00a0 \u00a0 \u00a0 \u00a0 \u00a0 \u00a0 \u00a0 \u00a0 \u00a0 \u00a0 \u00a0 \u00a0 \u00a0 \u00a0 \u00a0 \u00a0 \u00a0 \u00a0 \u00a0 \u00a0 \u00a0 Docente \u00a0Diplomado de ONCOLOGIA\u00a0 UCRA\/UESS<\/li><li>Febrero 2020\u00a0 \u00a0 \u00a0 \u00a0 \u00a0 \u00a0 \u00a0 \u00a0 \u00a0 \u00a0 \u00a0 \u00a0 \u00a0 \u00a0 \u00a0 \u00a0 \u00a0 \u00a0 \u00a0 Menci\u00f3n de HONOR\u00a0 : EUGENIO DE SANTACRUZ Y ESPEJO\u00a0 CMG<\/li><\/ul>\t\t\t\t\t\t<\/div>\n\t\t\t\t<\/div>\n\t\t\t\t\t<\/div>\n\t\t<\/div>\n\t\t\t\t\t\t\t<\/div>\n\t\t<\/section>\n\t\t\t\t\t\t\t<\/div>\n\t\t","protected":false},"excerpt":{"rendered":"<p>Dra. Erika Judith Serrano Bueno Fecha de Nacimiento: 27 de Marzo de 1977 Nacionalidad:\u00a0 Ecuatoriana Tel\u00e9fono: 6003007 Celular: 0997010722 Consultorio: [&hellip;]<\/p>\n","protected":false},"author":1,"featured_media":0,"parent":0,"menu_order":0,"comment_status":"closed","ping_status":"closed","template":"elementor_header_footer","meta":{"footnotes":""},"class_list":["post-341","page","type-page","status-publish","hentry"],"_links":{"self":[{"href":"https:\/\/oncohem.com.ec\/index.php\/wp-json\/wp\/v2\/pages\/341","targetHints":{"allow":["GET"]}}],"collection":[{"href":"https:\/\/oncohem.com.ec\/index.php\/wp-json\/wp\/v2\/pages"}],"about":[{"href":"https:\/\/oncohem.com.ec\/index.php\/wp-json\/wp\/v2\/types\/page"}],"author":[{"embeddable":true,"href":"https:\/\/oncohem.com.ec\/index.php\/wp-json\/wp\/v2\/users\/1"}],"replies":[{"embeddable":true,"href":"https:\/\/oncohem.com.ec\/index.php\/wp-json\/wp\/v2\/comments?post=341"}],"version-history":[{"count":14,"href":"https:\/\/oncohem.com.ec\/index.php\/wp-json\/wp\/v2\/pages\/341\/revisions"}],"predecessor-version":[{"id":417,"href":"https:\/\/oncohem.com.ec\/index.php\/wp-json\/wp\/v2\/pages\/341\/revisions\/417"}],"wp:attachment":[{"href":"https:\/\/oncohem.com.ec\/index.php\/wp-json\/wp\/v2\/media?parent=341"}],"curies":[{"name":"wp","href":"https:\/\/api.w.org\/{rel}","templated":true}]}}

<div data-elementor-type="wp-page" data-elementor-id="341" class="elementor elementor-341">
									<section class="elementor-section elementor-top-section elementor-element elementor-element-de0eb2e elementor-section-boxed elementor-section-height-default elementor-section-height-default" data-id="de0eb2e" data-element_type="section">
						<div class="elementor-container elementor-column-gap-default">
					<div class="elementor-column elementor-col-50 elementor-top-column elementor-element elementor-element-2e41140" data-id="2e41140" data-element_type="column">
			<div class="elementor-widget-wrap elementor-element-populated">
								<div class="elementor-element elementor-element-378752c elementor-widget elementor-widget-image" data-id="378752c" data-element_type="widget" data-widget_type="image.default">
				<div class="elementor-widget-container">
			<style>/*! elementor - v3.7.2 - 21-08-2022 */
.elementor-widget-image{text-align:center}.elementor-widget-image a{display:inline-block}.elementor-widget-image a img[src$=".svg"]{width:48px}.elementor-widget-image img{vertical-align:middle;display:inline-block}</style>												<img loading="lazy" decoding="async" width="139" height="178" src="https://oncohem.com.ec/wp-content/uploads/2022/08/FOTO-CARNET-CV-e1661656708956.jpeg" class="attachment-large size-large" alt="" />															</div>
				</div>
					</div>
		</div>
				<div class="elementor-column elementor-col-50 elementor-top-column elementor-element elementor-element-07a74bb" data-id="07a74bb" data-element_type="column">
			<div class="elementor-widget-wrap elementor-element-populated">
								<div class="elementor-element elementor-element-afb68e5 elementor-widget elementor-widget-heading" data-id="afb68e5" data-element_type="widget" data-widget_type="heading.default">
				<div class="elementor-widget-container">
			<style>/*! elementor - v3.7.2 - 21-08-2022 */
.elementor-heading-title{padding:0;margin:0;line-height:1}.elementor-widget-heading .elementor-heading-title[class*=elementor-size-]>a{color:inherit;font-size:inherit;line-height:inherit}.elementor-widget-heading .elementor-heading-title.elementor-size-small{font-size:15px}.elementor-widget-heading .elementor-heading-title.elementor-size-medium{font-size:19px}.elementor-widget-heading .elementor-heading-title.elementor-size-large{font-size:29px}.elementor-widget-heading .elementor-heading-title.elementor-size-xl{font-size:39px}.elementor-widget-heading .elementor-heading-title.elementor-size-xxl{font-size:59px}</style><h2 class="elementor-heading-title elementor-size-default">Dra. Erika Judith Serrano Bueno</h2>		</div>
				</div>
				<div class="elementor-element elementor-element-b56e0ee elementor-widget elementor-widget-text-editor" data-id="b56e0ee" data-element_type="widget" data-widget_type="text-editor.default">
				<div class="elementor-widget-container">
			<style>/*! elementor - v3.7.2 - 21-08-2022 */
.elementor-widget-text-editor.elementor-drop-cap-view-stacked .elementor-drop-cap{background-color:#818a91;color:#fff}.elementor-widget-text-editor.elementor-drop-cap-view-framed .elementor-drop-cap{color:#818a91;border:3px solid;background-color:transparent}.elementor-widget-text-editor:not(.elementor-drop-cap-view-default) .elementor-drop-cap{margin-top:8px}.elementor-widget-text-editor:not(.elementor-drop-cap-view-default) .elementor-drop-cap-letter{width:1em;height:1em}.elementor-widget-text-editor .elementor-drop-cap{float:left;text-align:center;line-height:1;font-size:50px}.elementor-widget-text-editor .elementor-drop-cap-letter{display:inline-block}</style>				<ul><li><strong>Fecha de Nacimiento:</strong> 27 de Marzo de 1977</li><li><strong>Nacionalidad:</strong>  Ecuatoriana</li><li><strong>Teléfono:</strong> 6003007</li><li><strong>Celular:</strong> 0997010722</li><li><strong>Consultorio:</strong> Av. Fco Bolona 717 Torre Medica XIMA 7mo. Piso Of 705</li><li><strong>Telefono:</strong> 5097010</li><li><strong>Mail:</strong> ejserrano77@yahoo.com</li></ul>						</div>
				</div>
					</div>
		</div>
							</div>
		</section>
				<section class="elementor-section elementor-top-section elementor-element elementor-element-fe7a450 elementor-section-boxed elementor-section-height-default elementor-section-height-default" data-id="fe7a450" data-element_type="section">
						<div class="elementor-container elementor-column-gap-default">
					<div class="elementor-column elementor-col-100 elementor-top-column elementor-element elementor-element-42993c1" data-id="42993c1" data-element_type="column">
			<div class="elementor-widget-wrap elementor-element-populated">
								<div class="elementor-element elementor-element-0d61f23 elementor-widget elementor-widget-heading" data-id="0d61f23" data-element_type="widget" data-widget_type="heading.default">
				<div class="elementor-widget-container">
			<h3 class="elementor-heading-title elementor-size-default">Formación Académica</h3>		</div>
				</div>
				<div class="elementor-element elementor-element-449b699 elementor-widget elementor-widget-text-editor" data-id="449b699" data-element_type="widget" data-widget_type="text-editor.default">
				<div class="elementor-widget-container">
							<ul><li>1989  &#8211;  2003    Médico &#8211; Universidad de Guayaquil</li><li>2005  &#8211;  2008    Especialista en Medicina Interna &#8211; Universidad de Guayaquil.</li><li>2014 &#8211;  2016     Especialista en Oncología Clinica &#8211; Universidad Católica Santa María de los Buenos Aires</li><li>2015 – 2016      Fellow en Cuidados Paliativos &#8211; Universidad Del Salvador  (USAL)– Argentina</li></ul>						</div>
				</div>
					</div>
		</div>
							</div>
		</section>
				<section class="elementor-section elementor-top-section elementor-element elementor-element-7e03bf7 elementor-section-boxed elementor-section-height-default elementor-section-height-default" data-id="7e03bf7" data-element_type="section">
						<div class="elementor-container elementor-column-gap-default">
					<div class="elementor-column elementor-col-100 elementor-top-column elementor-element elementor-element-71f6b89" data-id="71f6b89" data-element_type="column">
			<div class="elementor-widget-wrap elementor-element-populated">
								<div class="elementor-element elementor-element-8ff90ca elementor-widget elementor-widget-heading" data-id="8ff90ca" data-element_type="widget" data-widget_type="heading.default">
				<div class="elementor-widget-container">
			<h3 class="elementor-heading-title elementor-size-default">Experiencia Laboral</h3>		</div>
				</div>
				<div class="elementor-element elementor-element-4edc9ce elementor-widget elementor-widget-text-editor" data-id="4edc9ce" data-element_type="widget" data-widget_type="text-editor.default">
				<div class="elementor-widget-container">
							<ul><li>Octubre 2005  &#8211;  Septiembre 2008 Residencia Medica Docente Asistencial de POSTGRADO Medicina                                                                                                                                              Interna. Hospital Juan Tanca Marengo ION  &#8211; SOLCA.</li><li>Octubre 2008  &#8211;  Septiembre 2009  Jefatura de Medico Residentes Medicina Interna. Hospital Juan Tanca Marengo ION &#8211; SOLCA</li><li>Octubre 2009  &#8211;  Febrero 2010         Médico tratante área de Pre-admisión Instituto Oncológico Nacional. SOLCA Guayaquil.</li><li>Febrero 2010 &#8211;  Marzo 2014             Médico tratante  en el área de Oncología Clínica y Medicina del Dolor en Hospital Naval Guayaquil.</li><li>Abril 2014- Diciembre 2016              Posgrado de Oncología Clínica en la Universidad Católica de Buenos Aires- Argentina.</li><li>Junio2015-Junio 2016                      FELLOW  en Cuidados Paliativos en la Universidad Del Salvador (ARGENTINA)</li><li>Junio 2017                                           Medico Tratante de Oncología Clínica en Hospital Naval Guayaquil</li><li>Febrero 2017                                       Miembro de la SOCIEDAD DE ONCOLOGIA ECUATORIANA ( SEO)</li><li>Marzo 2019                                         Miembro de la ASOCIACION ECUATORIANA DE CUIDADOS PALIATIVOS</li><li>Julio 2019                                            Miembro del Comité Editorial Interno de la REVISTA MEDICA 2019 NAVAL</li><li>Septiembre 2019                                Miembro de la SOCIEDAD DE PATOLOGIA MAMARIA ( SEPAM )</li><li>Enero 2019                                          Docente  Diplomado de ONCOLOGIA  UCRA/UESS</li><li>Febrero 2020                                      Mención de HONOR  : EUGENIO DE SANTACRUZ Y ESPEJO  CMG</li></ul>						</div>
				</div>
					</div>
		</div>
							</div>
		</section>
							</div>

<p>Dra. Erika Judith Serrano Bueno Fecha de Nacimiento: 27 de Marzo de 1977 Nacionalidad:  Ecuatoriana Teléfono: 6003007 Celular: 0997010722 Consultorio: [&hellip;]</p>
