{"id":358,"date":"2022-08-26T04:04:29","date_gmt":"2022-08-26T04:04:29","guid":{"rendered":"https:\/\/oncohem.com.ec\/?page_id=358"},"modified":"2022-08-26T04:20:23","modified_gmt":"2022-08-26T04:20:23","slug":"dra-doris-calle","status":"publish","type":"page","link":"https:\/\/oncohem.com.ec\/index.php\/dra-doris-calle\/","title":{"rendered":"Dra. Doris Calle"},"content":{"rendered":"\t\t<div data-elementor-type=\"wp-page\" data-elementor-id=\"358\" class=\"elementor elementor-358\">\n\t\t\t\t\t\t\t\t\t<section class=\"elementor-section elementor-top-section elementor-element elementor-element-55c0bde elementor-section-boxed elementor-section-height-default elementor-section-height-default\" data-id=\"55c0bde\" data-element_type=\"section\">\n\t\t\t\t\t\t<div class=\"elementor-container elementor-column-gap-default\">\n\t\t\t\t\t<div class=\"elementor-column elementor-col-50 elementor-top-column elementor-element elementor-element-551e05d\" data-id=\"551e05d\" data-element_type=\"column\">\n\t\t\t<div class=\"elementor-widget-wrap elementor-element-populated\">\n\t\t\t\t\t\t\t\t<div class=\"elementor-element elementor-element-e3e275d elementor-widget elementor-widget-image\" data-id=\"e3e275d\" data-element_type=\"widget\" data-widget_type=\"image.default\">\n\t\t\t\t<div class=\"elementor-widget-container\">\n\t\t\t<style>\/*! elementor - v3.7.2 - 21-08-2022 *\/\n.elementor-widget-image{text-align:center}.elementor-widget-image a{display:inline-block}.elementor-widget-image a img[src$=\".svg\"]{width:48px}.elementor-widget-image img{vertical-align:middle;display:inline-block}<\/style>\t\t\t\t\t\t\t\t\t\t\t\t<img loading=\"lazy\" decoding=\"async\" width=\"355\" height=\"239\" src=\"https:\/\/oncohem.com.ec\/wp-content\/uploads\/2022\/08\/Doris-Calle-Jara.jpg\" class=\"attachment-large size-large\" alt=\"\" srcset=\"https:\/\/oncohem.com.ec\/wp-content\/uploads\/2022\/08\/Doris-Calle-Jara.jpg 355w, https:\/\/oncohem.com.ec\/wp-content\/uploads\/2022\/08\/Doris-Calle-Jara-300x202.jpg 300w\" sizes=\"auto, (max-width: 355px) 100vw, 355px\" \/>\t\t\t\t\t\t\t\t\t\t\t\t\t\t\t<\/div>\n\t\t\t\t<\/div>\n\t\t\t\t\t<\/div>\n\t\t<\/div>\n\t\t\t\t<div class=\"elementor-column elementor-col-50 elementor-top-column elementor-element elementor-element-7dda362\" data-id=\"7dda362\" data-element_type=\"column\">\n\t\t\t<div class=\"elementor-widget-wrap elementor-element-populated\">\n\t\t\t\t\t\t\t\t<div class=\"elementor-element elementor-element-7b95d9b elementor-widget elementor-widget-heading\" data-id=\"7b95d9b\" data-element_type=\"widget\" data-widget_type=\"heading.default\">\n\t\t\t\t<div class=\"elementor-widget-container\">\n\t\t\t<style>\/*! elementor - v3.7.2 - 21-08-2022 *\/\n.elementor-heading-title{padding:0;margin:0;line-height:1}.elementor-widget-heading .elementor-heading-title[class*=elementor-size-]>a{color:inherit;font-size:inherit;line-height:inherit}.elementor-widget-heading .elementor-heading-title.elementor-size-small{font-size:15px}.elementor-widget-heading .elementor-heading-title.elementor-size-medium{font-size:19px}.elementor-widget-heading .elementor-heading-title.elementor-size-large{font-size:29px}.elementor-widget-heading .elementor-heading-title.elementor-size-xl{font-size:39px}.elementor-widget-heading .elementor-heading-title.elementor-size-xxl{font-size:59px}<\/style><h2 class=\"elementor-heading-title elementor-size-default\">Dra. Doris Angelica Calle Jara<\/h2>\t\t<\/div>\n\t\t\t\t<\/div>\n\t\t\t\t<div class=\"elementor-element elementor-element-6623c8c elementor-widget elementor-widget-text-editor\" data-id=\"6623c8c\" data-element_type=\"widget\" data-widget_type=\"text-editor.default\">\n\t\t\t\t<div class=\"elementor-widget-container\">\n\t\t\t<style>\/*! elementor - v3.7.2 - 21-08-2022 *\/\n.elementor-widget-text-editor.elementor-drop-cap-view-stacked .elementor-drop-cap{background-color:#818a91;color:#fff}.elementor-widget-text-editor.elementor-drop-cap-view-framed .elementor-drop-cap{color:#818a91;border:3px solid;background-color:transparent}.elementor-widget-text-editor:not(.elementor-drop-cap-view-default) .elementor-drop-cap{margin-top:8px}.elementor-widget-text-editor:not(.elementor-drop-cap-view-default) .elementor-drop-cap-letter{width:1em;height:1em}.elementor-widget-text-editor .elementor-drop-cap{float:left;text-align:center;line-height:1;font-size:50px}.elementor-widget-text-editor .elementor-drop-cap-letter{display:inline-block}<\/style>\t\t\t\t<ul><li><strong>Nacionalidad:<\/strong> Ecuatoriana-Francesa<\/li><li><strong>Direcci\u00f3n profesional:<\/strong> Hospital del Ni\u00f1o. MSP. y Hospital Alc\u00edvar Torre M\u00e9dica \u201cDr Eduardo Alc\u00edvar\u201d<\/li><li><strong>Tel\u00e9fono:<\/strong> 0998061062<\/li><li><strong>Correo:<\/strong> doriscallejara@gmail.com<\/li><\/ul>\t\t\t\t\t\t<\/div>\n\t\t\t\t<\/div>\n\t\t\t\t\t<\/div>\n\t\t<\/div>\n\t\t\t\t\t\t\t<\/div>\n\t\t<\/section>\n\t\t\t\t<section class=\"elementor-section elementor-top-section elementor-element elementor-element-216d760 elementor-section-boxed elementor-section-height-default elementor-section-height-default\" data-id=\"216d760\" data-element_type=\"section\">\n\t\t\t\t\t\t<div class=\"elementor-container elementor-column-gap-default\">\n\t\t\t\t\t<div class=\"elementor-column elementor-col-100 elementor-top-column elementor-element elementor-element-1be638b\" data-id=\"1be638b\" data-element_type=\"column\">\n\t\t\t<div class=\"elementor-widget-wrap elementor-element-populated\">\n\t\t\t\t\t\t\t\t<div class=\"elementor-element elementor-element-c72359b elementor-widget elementor-widget-heading\" data-id=\"c72359b\" data-element_type=\"widget\" data-widget_type=\"heading.default\">\n\t\t\t\t<div class=\"elementor-widget-container\">\n\t\t\t<h3 class=\"elementor-heading-title elementor-size-default\">Formacion Profesional<\/h3>\t\t<\/div>\n\t\t\t\t<\/div>\n\t\t\t\t<div class=\"elementor-element elementor-element-e8f5c36 elementor-widget elementor-widget-text-editor\" data-id=\"e8f5c36\" data-element_type=\"widget\" data-widget_type=\"text-editor.default\">\n\t\t\t\t<div class=\"elementor-widget-container\">\n\t\t\t\t\t\t\t<p><strong>1992<\/strong>\u00a0 \u00a0 Obtenci\u00f3n del t\u00edtulo de Doctor en Medicina General y Cirug\u00eda. Facultad de\u00a0<\/p><p>Medicina de la Universidad Cat\u00f3lica Santiago de Guayaquil. Sujeto de la tesis de grado: \u201cRetinoblastoma: Estudio retrospectivo: 20 a\u00f1os SOLCA-Guayaquil\u201d.<\/p><p><strong>\u00a0<\/strong><\/p><p><strong>1995-1996\u00a0\u00a0\u00a0 <\/strong>Diploma Universitario de Carcinolog\u00eda Cl\u00ednica (Universidad de Paris XI).<\/p><p><strong>\u00a0<\/strong><\/p><ul><li>Diploma Universitario de Oncolog\u00eda Pedi\u00e1trica (Universidad Paris XI).<\/li><\/ul><p><strong>\u00a0\u00a0\u00a0\u00a0\u00a0\u00a0\u00a0\u00a0\u00a0\u00a0\u00a0\u00a0\u00a0\u00a0\u00a0\u00a0\u00a0\u00a0\u00a0\u00a0\u00a0 <\/strong><\/p><ul><li>AFS de Oncolog\u00eda Cl\u00ednica (Universidad Paris XI).<\/li><\/ul><p><strong>\u00a0<\/strong><\/p><ul><li>AFS de Pediatr\u00eda (Universidad Ren\u00e9 Descartes).<\/li><\/ul><p><strong>\u00a0<\/strong><\/p><ul><li>AFS-A de Pediatr\u00eda (Universidad Ren\u00e9 Descartes).<\/li><\/ul><p>\u00a0<\/p><ul><li>T\u00edtulo de Asistente Extranjero (Universidad Paris XI).<\/li><\/ul><p><strong>2008\u00a0\u00a0\u00a0\u00a0\u00a0\u00a0\u00a0\u00a0\u00a0\u00a0\u00a0\u00a0\u00a0 <\/strong>Maestr\u00eda en Coordinaci\u00f3n de Trasplantes (TPM- Espa\u00f1a)<\/p><p><strong>2008<\/strong>\u00a0\u00a0\u00a0\u00a0\u00a0\u00a0\u00a0\u00a0\u00a0\u00a0\u00a0\u00a0\u00a0 Homologaci\u00f3n Espa\u00f1ola del T\u00edtulo de Medicina General y Cirug\u00eda<\/p><p><strong>2020-2021<\/strong>\u00a0\u00a0\u00a0 M\u00e1ster Universitario en Avances en Oncolog\u00eda y Hematolog\u00eda Pedi\u00e1tricas. Universidad Internacional de la Rioja. UNIR<\/p>\t\t\t\t\t\t<\/div>\n\t\t\t\t<\/div>\n\t\t\t\t\t<\/div>\n\t\t<\/div>\n\t\t\t\t\t\t\t<\/div>\n\t\t<\/section>\n\t\t\t\t<section class=\"elementor-section elementor-top-section elementor-element elementor-element-16536ec elementor-section-boxed elementor-section-height-default elementor-section-height-default\" data-id=\"16536ec\" data-element_type=\"section\">\n\t\t\t\t\t\t<div class=\"elementor-container elementor-column-gap-default\">\n\t\t\t\t\t<div class=\"elementor-column elementor-col-100 elementor-top-column elementor-element elementor-element-afc562a\" data-id=\"afc562a\" data-element_type=\"column\">\n\t\t\t<div class=\"elementor-widget-wrap elementor-element-populated\">\n\t\t\t\t\t\t\t\t<div class=\"elementor-element elementor-element-ef71e62 elementor-widget elementor-widget-heading\" data-id=\"ef71e62\" data-element_type=\"widget\" data-widget_type=\"heading.default\">\n\t\t\t\t<div class=\"elementor-widget-container\">\n\t\t\t<h3 class=\"elementor-heading-title elementor-size-default\">Experiencia Profesional<\/h3>\t\t<\/div>\n\t\t\t\t<\/div>\n\t\t\t\t<div class=\"elementor-element elementor-element-6e1af88 elementor-widget elementor-widget-text-editor\" data-id=\"6e1af88\" data-element_type=\"widget\" data-widget_type=\"text-editor.default\">\n\t\t\t\t<div class=\"elementor-widget-container\">\n\t\t\t\t\t\t\t<p><strong>1993<\/strong> Ayudante de trabajos pr\u00e1cticos de la C\u00e1tedra de Oncolog\u00eda y Hematolog\u00eda\u00a0(Universidad Cat\u00f3lica Santiago de Guayaquil).<\/p><ul><li>FFI- Servicio de Pediatr\u00eda del Institut Curie (Paris).<\/li><\/ul><p><strong>1997-1998\u00a0\u00a0 <\/strong>FFI- Servicio de Hematolog\u00eda H\u00f4pital Saint Louis (Paris).<\/p><ul><li>FFI- Servicio de Pediatr\u00eda H\u00f4pital Ambroise Par\u00e9<\/li><li>FFI- Servicio de Reanimaci\u00f3n Infantil-Neonatolog\u00eda H\u00f4pital Andr\u00e9 Gr\u00e9goire.<\/li><li>FFI- Servicio de Pediatr\u00eda del Institut Gustave Roussy<\/li><li>Residente Extranjero en el Servicio de Pediatr\u00eda del Institut Gustave<\/li><\/ul><p><strong>Desde 2002<\/strong> Profesor Titular de la C\u00e1tedra de Oncolog\u00eda Pedi\u00e1trica para el Post-grado de Pediatr\u00eda de la Universidad Cat\u00f3lica Santiago de Guayaquil<\/p><ul><li>Estancia formativa en la Unidad de Transplante\u00a0 de Progenitores<\/li><li>Hematopoi\u00e9ticos\u00a0 en\u00a0 el Servicio de\u00a0 Hematolog\u00eda-Oncolog\u00eda de los\u00a0\u00a0<\/li><li>Hospitales Morales Meseguer (Murcia) y\u00a0 Vall d\u2019 Hebron (Barcelona)\u00a0<\/li><\/ul><p><strong>2008 <\/strong>Estancia formativa en la Fundaci\u00f3n Jos\u00e9 Carreras para la Coordinaci\u00f3n\u00a0de\u00a0 Progenitores hematopoi\u00e9ticos.<\/p><p><strong>2002-2014 <\/strong>Delegada Nacional del Ecuador para la SLAOP (SOCIEDAD LATINOAMERICANA DE ONCOLOGIA PEDIATRICA)<\/p><p><strong>2017 Delegada Nacional del Ministerio de Salud P\u00fablica para la OPS,\u00a0 <\/strong>COMO PUNTO FOCAL PARA EL: PROYECTO \u00abHACIA EL DESARROLLO DE PROGRAMAS NACIONALES DE CONTROL DEL C\u00c1NCER INFANTIL EN AM\u00c9RICA LATINA<\/p><ul><li>Referente para Tumores del SNC , Retinoblastoma del del Servicio de Onco-Hematologia. del Hospital del Ni\u00f1o \u201cDr\u00a0\u00a0 Francisco de Ycaza Bustamante\u201d<strong>\u00a0 MSP <\/strong><\/li><\/ul><p><strong>\u00a0<\/strong><strong>Presidenta del Comit\u00e9 Organizador del 30 avo Congreso de la SLAOP (SOCIEDAD LATINOAMERICANA DE ONCOLOGIA PEDIATRICA . Abril 2019<\/strong><\/p><p>\u00a0<\/p>\t\t\t\t\t\t<\/div>\n\t\t\t\t<\/div>\n\t\t\t\t\t<\/div>\n\t\t<\/div>\n\t\t\t\t\t\t\t<\/div>\n\t\t<\/section>\n\t\t\t\t<section class=\"elementor-section elementor-top-section elementor-element elementor-element-99bb706 elementor-section-boxed elementor-section-height-default elementor-section-height-default\" data-id=\"99bb706\" data-element_type=\"section\">\n\t\t\t\t\t\t<div class=\"elementor-container elementor-column-gap-default\">\n\t\t\t\t\t<div class=\"elementor-column elementor-col-100 elementor-top-column elementor-element elementor-element-7154cd0\" data-id=\"7154cd0\" data-element_type=\"column\">\n\t\t\t<div class=\"elementor-widget-wrap elementor-element-populated\">\n\t\t\t\t\t\t\t\t<div class=\"elementor-element elementor-element-94e5aee elementor-widget elementor-widget-heading\" data-id=\"94e5aee\" data-element_type=\"widget\" data-widget_type=\"heading.default\">\n\t\t\t\t<div class=\"elementor-widget-container\">\n\t\t\t<h3 class=\"elementor-heading-title elementor-size-default\">Trabajos Presentados en Congresos<\/h3>\t\t<\/div>\n\t\t\t\t<\/div>\n\t\t\t\t<div class=\"elementor-element elementor-element-769f554 elementor-widget elementor-widget-text-editor\" data-id=\"769f554\" data-element_type=\"widget\" data-widget_type=\"text-editor.default\">\n\t\t\t\t<div class=\"elementor-widget-container\">\n\t\t\t\t\t\t\t<ul><li>VII Congreso Nacional de Cancerolog\u00eda y VII Jornadas Nacionales de Hematolog\u00eda.<\/li><li>Congreso Latino-americano de Oncolog\u00eda Pedi\u00e1trica, Colombia.<\/li><li>Congreso Latino-americano de Oncolog\u00eda Pedi\u00e1trica, M\u00e9xico.<\/li><li>II Curso Internacional de UICC.<\/li><li>II Congreso Nacional de GOIE.<\/li><li>28 Meeting de la SIOP, Istambul.<\/li><li>Jornadas de verano de la Sociedad Francesa de Oncolog\u00eda Pedi\u00e1trica, Bonne.<\/li><li>XIV Congreso Ecuatoriano de Oftalmolog\u00eda \u201cDra Mercedes Rodriguez Benitez\u201d<\/li><li>IV Encuentro Nacional de Enfermer\u00eda Oncol\u00f3gica<\/li><li>VI\u00a0 Jornadas Nacionales de Pediatr\u00eda Oncol\u00f3gica<\/li><li>35 Meeting\u00a0 de la SIOP, El Cairo<\/li><li>36 Meeting de la SIOP, Oslo<\/li><li>Congreso de la Sociedad Latinoamericana de Oncologia Pedi\u00e1trica., Campo Grande\u00a0 (Brasil)<\/li><li><strong>IV CONGRESO INTERNACIONAL DE SUBESPECIALIDADES PEDI\u00c1TRICAS<\/strong>, .<strong> Hospital del Ni\u00f1o \u201cDr. Francisco de Icaza Bustamante. OCTUBRE 2013. <\/strong><strong>ATENCI\u00d3N INTEGRAL Y MULTIDISCIPLINARIA\u00a0 AL NI\u00d1O Y ADOLESCENTE CON C\u00c1NCER Y SU\u00a0 FAMILIA.<\/strong><\/li><li>XXV Congreso de la Sociedad Latinoamericana de Oncolog\u00eda Pedi\u00e1trica, Vi\u00f1a del Mar 2014.<\/li><li><strong>V CONGRESO INTERNACIONAL DE PEDIATRIA DESAFIOS EN LA ATENCION PEDIATRICA. <\/strong><strong>Hospital del Ni\u00f1o \u201cDr. Francisco de Icaza Bustamante. OCTUBRE 2016.<\/strong><\/li><li>Congreso de la Sociedad Latinoamericana de Oncologia Pedi\u00e1trica., Buenos Aires. Argentina. 6-8 Abril 2017<\/li><li>\u201cCURSO DIPLOMADO EN TUMORES DEL SISTEMA NERVIOSO CENTRAL EN PEDIATRIA\u201d Noviembre y Diciembre en modalidad e-learning con carga horaria de 60 horas. Enero, 2018<\/li><li>XXX Congreso de la Sociedad Latinoamericana de Oncolog\u00eda Pedi\u00e1trica, Vi\u00f1a del Mar 2019.<\/li><li>51 avo Congress Meeting de la SIOP (Sociedad Internacional de Oncolog\u00eda Pedi\u00e1trica, Lyon Francia Octubre 2019<\/li><\/ul>\t\t\t\t\t\t<\/div>\n\t\t\t\t<\/div>\n\t\t\t\t\t<\/div>\n\t\t<\/div>\n\t\t\t\t\t\t\t<\/div>\n\t\t<\/section>\n\t\t\t\t<section class=\"elementor-section elementor-top-section elementor-element elementor-element-9d656d5 elementor-section-boxed elementor-section-height-default elementor-section-height-default\" data-id=\"9d656d5\" data-element_type=\"section\">\n\t\t\t\t\t\t<div class=\"elementor-container elementor-column-gap-default\">\n\t\t\t\t\t<div class=\"elementor-column elementor-col-100 elementor-top-column elementor-element elementor-element-b43d20b\" data-id=\"b43d20b\" data-element_type=\"column\">\n\t\t\t<div class=\"elementor-widget-wrap elementor-element-populated\">\n\t\t\t\t\t\t\t\t<div class=\"elementor-element elementor-element-3155bd7 elementor-widget elementor-widget-heading\" data-id=\"3155bd7\" data-element_type=\"widget\" data-widget_type=\"heading.default\">\n\t\t\t\t<div class=\"elementor-widget-container\">\n\t\t\t<h3 class=\"elementor-heading-title elementor-size-default\">Publicaciones<\/h3>\t\t<\/div>\n\t\t\t\t<\/div>\n\t\t\t\t<div class=\"elementor-element elementor-element-e896ca0 elementor-widget elementor-widget-text-editor\" data-id=\"e896ca0\" data-element_type=\"widget\" data-widget_type=\"text-editor.default\">\n\t\t\t\t<div class=\"elementor-widget-container\">\n\t\t\t\t\t\t\t<ul><li>C\u00e1ncer de colon: estudio retrospectivo. C\u00e1ncer SOLCA-GUAYAQUIL.<\/li><li>P-112 Alpha-foetoproteine (AFP) secreting: Malignant extracranial Germ cell tumors (GCT) in children: Experience of Institut Curie between 1977-1995 Medical and Pediatric Oncology. Volume 29, Number 5. November 1997.<\/li><li>Epidemiological and clinical features of children with AML. Experience monoinstitutional in a developing country-Ecuador. Medical and Pediatric Oncology. Volume 41, Number 4. October 2003.<\/li><li>Contribuci\u00f3n\u00a0 con la colaboraci\u00f3n de Onc\u00f3logos y Hemat\u00f3logos\u00a0 Pediatras (Institut Curie y H\u00f4pital Saint Louis ) para la publicaci\u00f3n del n\u00famero especial sobre Oncolog\u00eda Pedi\u00e1trica en la revista Oncolog\u00eda M\u00e9dica\u00a0 SOLCA-Guayaquil.<\/li><li>Treatment of\u00a0 children with B-NHL according to LMB 89 (SFOP) protocol in SOLCA-Guayaquil. Pediatric blood and Cancer. Volumen 43, Issue 4.2004<\/li><li>Twinning Program between the Fundacion Espa\u00f1ola para la lucha contra la leucemia (FELL-Murcia-Spain) and Ecuador. Pediatric Blood and Cancer, volume 45, Issue 4. October 1, 2005.<\/li><li>Diagn\u00f3stico y control de Toxicidades agudas y cr\u00f3nicas en el tratamiento oncol\u00f3gico, Campi\u00f1as 2004.<\/li><li>Estudio Retrospectivo de Meduloblastoma\u00a0\u00a0\u00a0\u00a0 Medical Pediatric Oncology.<\/li><li>Evaluadora de trabajos cient\u00edficos del XX Congreso Latinoamericano de Oncologia Pedi\u00e1trica. Campo Grande-Mato Grosso do SUL , Brasil 2005.<\/li><li>Presidenta de mesa \u201cRetinoblastoma\u201d en el XX Congreso Latino-americano de Oncolog\u00eda Pedi\u00e1trica, Brasil 2005.<\/li><li>Programa de ayuda de la Fundaci\u00f3n Espa\u00f1ola para la lucha contra la Leucemia (FELL-Murcia-Espa\u00f1a) y Ecuador, Campo Grande 2005<\/li><li>Meduloblastoma en ni\u00f1os. Experiencia Mono-institucional en un pais en vias de desarrollo, Campo Grande, Brasil 2005<\/li><li>Tratamiento en ni\u00f1os con LNH-B de acuerdo al protocolo LMB-89 (SFOP) SOLCA-Guayaquil-Ecuador, XX Congreso de la Sociedad Latinoamericana de Oncolog\u00eda Pedi\u00e1trica, Brasil 2005.<\/li><li><strong>DISMINUCION DEL ABANDONO AL TRATAMIENTO EN NI\u00d1OS TRATADOS EN UNA UNIDAD ONCOLOGICA PUBLICA GUAYAQUIL-ECUADOR. EXPERIENCIA MONO-INSTITUCIONAL. <\/strong>XXV Congreso de la Sociedad Latinoamericana de Oncolog\u00eda Pedi\u00e1trica, Vi\u00f1a del Mar 2014<\/li><\/ul>\t\t\t\t\t\t<\/div>\n\t\t\t\t<\/div>\n\t\t\t\t\t<\/div>\n\t\t<\/div>\n\t\t\t\t\t\t\t<\/div>\n\t\t<\/section>\n\t\t\t\t<section class=\"elementor-section elementor-top-section elementor-element elementor-element-24e0532 elementor-section-boxed elementor-section-height-default elementor-section-height-default\" data-id=\"24e0532\" data-element_type=\"section\">\n\t\t\t\t\t\t<div class=\"elementor-container elementor-column-gap-default\">\n\t\t\t\t\t<div class=\"elementor-column elementor-col-100 elementor-top-column elementor-element elementor-element-0831019\" data-id=\"0831019\" data-element_type=\"column\">\n\t\t\t<div class=\"elementor-widget-wrap elementor-element-populated\">\n\t\t\t\t\t\t\t\t<div class=\"elementor-element elementor-element-3b38b28 elementor-widget elementor-widget-heading\" data-id=\"3b38b28\" data-element_type=\"widget\" data-widget_type=\"heading.default\">\n\t\t\t\t<div class=\"elementor-widget-container\">\n\t\t\t<h3 class=\"elementor-heading-title elementor-size-default\">Investigacion<\/h3>\t\t<\/div>\n\t\t\t\t<\/div>\n\t\t\t\t<div class=\"elementor-element elementor-element-018d4e2 elementor-widget elementor-widget-text-editor\" data-id=\"018d4e2\" data-element_type=\"widget\" data-widget_type=\"text-editor.default\">\n\t\t\t\t<div class=\"elementor-widget-container\">\n\t\t\t\t\t\t\t<ul><li>Coordinadora del Hospital del Ni\u00f1o Dr Francisco de Icaza Bustamante MSP para el Protocolo POLA ALL\/00<\/li><li><strong>LINEAMIENTOS DEL TRATAMIENTO PARA PACIENTES PEDI\u00c1TRICOS CON LEUCEMIA LINFOBL\u00c1STICA AGUDA y linfoma linfobl\u00e1stico agudo EN BOLIVIA, ECUADOR, PARAGUAY, PER\u00da Y VENEZUELA<\/strong><\/li><li><strong>DIRECTORA DE REGISTRO ONCOPEDIATRICO DEL hOSPITAL DEL NI\u00d1O DR FRANCISCO DE ICAZA BUSTAMANTE.msp<\/strong><\/li><\/ul><p>\u00a0<\/p>\t\t\t\t\t\t<\/div>\n\t\t\t\t<\/div>\n\t\t\t\t\t<\/div>\n\t\t<\/div>\n\t\t\t\t\t\t\t<\/div>\n\t\t<\/section>\n\t\t\t\t<section class=\"elementor-section elementor-top-section elementor-element elementor-element-55a2bc2 elementor-section-boxed elementor-section-height-default elementor-section-height-default\" data-id=\"55a2bc2\" data-element_type=\"section\">\n\t\t\t\t\t\t<div class=\"elementor-container elementor-column-gap-default\">\n\t\t\t\t\t<div class=\"elementor-column elementor-col-100 elementor-top-column elementor-element elementor-element-04bcf4a\" data-id=\"04bcf4a\" data-element_type=\"column\">\n\t\t\t<div class=\"elementor-widget-wrap elementor-element-populated\">\n\t\t\t\t\t\t\t\t<div class=\"elementor-element elementor-element-5c4a617 elementor-widget elementor-widget-heading\" data-id=\"5c4a617\" data-element_type=\"widget\" data-widget_type=\"heading.default\">\n\t\t\t\t<div class=\"elementor-widget-container\">\n\t\t\t<h3 class=\"elementor-heading-title elementor-size-default\">Membresias<\/h3>\t\t<\/div>\n\t\t\t\t<\/div>\n\t\t\t\t<div class=\"elementor-element elementor-element-dc35f16 elementor-widget elementor-widget-text-editor\" data-id=\"dc35f16\" data-element_type=\"widget\" data-widget_type=\"text-editor.default\">\n\t\t\t\t<div class=\"elementor-widget-container\">\n\t\t\t\t\t\t\t<ul><li>Miembro de la Sociedad Latino-Americana de Oncolog\u00eda Pedi\u00e1trica (SLAOP)<\/li><li>Miembro de la Sociedad Internacional de Oncolog\u00eda Pedi\u00e1trica.<\/li><li>Miembro de la Sociedad Francesa de C\u00e1ncer infantil.<\/li><li>M\u00e9dico Consultor del Ecuador para Fundaci\u00f3n Espa\u00f1ola de la Lucha contra la Leucemia (FELL)<\/li><li>Presidenta de la Sociedad Ecuatoriana de Oncohematolog\u00eda pedi\u00e1trica<\/li><li>Primera delegada para la Alianza Global Pediatric Sant Jude-Hospital del Ni\u00f1o Dr Francisco de Icaza Bustamante.<\/li><\/ul>\t\t\t\t\t\t<\/div>\n\t\t\t\t<\/div>\n\t\t\t\t\t<\/div>\n\t\t<\/div>\n\t\t\t\t\t\t\t<\/div>\n\t\t<\/section>\n\t\t\t\t\t\t\t<\/div>\n\t\t","protected":false},"excerpt":{"rendered":"<p>Dra. Doris Angelica Calle Jara Nacionalidad: Ecuatoriana-Francesa Direcci\u00f3n profesional: Hospital del Ni\u00f1o. MSP. y Hospital Alc\u00edvar Torre M\u00e9dica \u201cDr Eduardo [&hellip;]<\/p>\n","protected":false},"author":1,"featured_media":0,"parent":0,"menu_order":0,"comment_status":"closed","ping_status":"closed","template":"elementor_header_footer","meta":{"footnotes":""},"class_list":["post-358","page","type-page","status-publish","hentry"],"_links":{"self":[{"href":"https:\/\/oncohem.com.ec\/index.php\/wp-json\/wp\/v2\/pages\/358","targetHints":{"allow":["GET"]}}],"collection":[{"href":"https:\/\/oncohem.com.ec\/index.php\/wp-json\/wp\/v2\/pages"}],"about":[{"href":"https:\/\/oncohem.com.ec\/index.php\/wp-json\/wp\/v2\/types\/page"}],"author":[{"embeddable":true,"href":"https:\/\/oncohem.com.ec\/index.php\/wp-json\/wp\/v2\/users\/1"}],"replies":[{"embeddable":true,"href":"https:\/\/oncohem.com.ec\/index.php\/wp-json\/wp\/v2\/comments?post=358"}],"version-history":[{"count":11,"href":"https:\/\/oncohem.com.ec\/index.php\/wp-json\/wp\/v2\/pages\/358\/revisions"}],"predecessor-version":[{"id":381,"href":"https:\/\/oncohem.com.ec\/index.php\/wp-json\/wp\/v2\/pages\/358\/revisions\/381"}],"wp:attachment":[{"href":"https:\/\/oncohem.com.ec\/index.php\/wp-json\/wp\/v2\/media?parent=358"}],"curies":[{"name":"wp","href":"https:\/\/api.w.org\/{rel}","templated":true}]}}