{"id":815,"date":"2022-09-10T01:49:14","date_gmt":"2022-09-10T01:49:14","guid":{"rendered":"https:\/\/oncohem.com.ec\/?page_id=815"},"modified":"2022-09-10T01:53:40","modified_gmt":"2022-09-10T01:53:40","slug":"dra-rosario-del-pilar-bohorquez-jacome","status":"publish","type":"page","link":"https:\/\/oncohem.com.ec\/index.php\/dra-rosario-del-pilar-bohorquez-jacome\/","title":{"rendered":"Dra. Rosario Del Pilar Boh\u00f3rquez J\u00e1come"},"content":{"rendered":"\t\t<div data-elementor-type=\"wp-page\" data-elementor-id=\"815\" class=\"elementor elementor-815\">\n\t\t\t\t\t\t\t\t\t<section class=\"elementor-section elementor-top-section elementor-element elementor-element-3e8a245 elementor-section-boxed elementor-section-height-default elementor-section-height-default\" data-id=\"3e8a245\" data-element_type=\"section\">\n\t\t\t\t\t\t<div class=\"elementor-container elementor-column-gap-default\">\n\t\t\t\t\t<div class=\"elementor-column elementor-col-50 elementor-top-column elementor-element elementor-element-ce30561\" data-id=\"ce30561\" data-element_type=\"column\">\n\t\t\t<div class=\"elementor-widget-wrap elementor-element-populated\">\n\t\t\t\t\t\t\t\t<div class=\"elementor-element elementor-element-29889db elementor-widget elementor-widget-image\" data-id=\"29889db\" data-element_type=\"widget\" data-widget_type=\"image.default\">\n\t\t\t\t<div class=\"elementor-widget-container\">\n\t\t\t<style>\/*! elementor - v3.7.2 - 21-08-2022 *\/\n.elementor-widget-image{text-align:center}.elementor-widget-image a{display:inline-block}.elementor-widget-image a img[src$=\".svg\"]{width:48px}.elementor-widget-image img{vertical-align:middle;display:inline-block}<\/style>\t\t\t\t\t\t\t\t\t\t\t\t<img loading=\"lazy\" decoding=\"async\" width=\"223\" height=\"300\" src=\"https:\/\/oncohem.com.ec\/wp-content\/uploads\/2022\/09\/DSC_0512-223x300.jpg\" class=\"attachment-medium size-medium\" alt=\"\" srcset=\"https:\/\/oncohem.com.ec\/wp-content\/uploads\/2022\/09\/DSC_0512-223x300.jpg 223w, https:\/\/oncohem.com.ec\/wp-content\/uploads\/2022\/09\/DSC_0512-763x1024.jpg 763w, https:\/\/oncohem.com.ec\/wp-content\/uploads\/2022\/09\/DSC_0512-768x1031.jpg 768w, https:\/\/oncohem.com.ec\/wp-content\/uploads\/2022\/09\/DSC_0512-1144x1536.jpg 1144w, https:\/\/oncohem.com.ec\/wp-content\/uploads\/2022\/09\/DSC_0512-1526x2048.jpg 1526w, https:\/\/oncohem.com.ec\/wp-content\/uploads\/2022\/09\/DSC_0512-scaled.jpg 1907w\" sizes=\"auto, (max-width: 223px) 100vw, 223px\" \/>\t\t\t\t\t\t\t\t\t\t\t\t\t\t\t<\/div>\n\t\t\t\t<\/div>\n\t\t\t\t\t<\/div>\n\t\t<\/div>\n\t\t\t\t<div class=\"elementor-column elementor-col-50 elementor-top-column elementor-element elementor-element-b2f402a\" data-id=\"b2f402a\" data-element_type=\"column\">\n\t\t\t<div class=\"elementor-widget-wrap elementor-element-populated\">\n\t\t\t\t\t\t\t\t<div class=\"elementor-element elementor-element-11bc5d1 elementor-widget elementor-widget-heading\" data-id=\"11bc5d1\" data-element_type=\"widget\" data-widget_type=\"heading.default\">\n\t\t\t\t<div class=\"elementor-widget-container\">\n\t\t\t<style>\/*! elementor - v3.7.2 - 21-08-2022 *\/\n.elementor-heading-title{padding:0;margin:0;line-height:1}.elementor-widget-heading .elementor-heading-title[class*=elementor-size-]>a{color:inherit;font-size:inherit;line-height:inherit}.elementor-widget-heading .elementor-heading-title.elementor-size-small{font-size:15px}.elementor-widget-heading .elementor-heading-title.elementor-size-medium{font-size:19px}.elementor-widget-heading .elementor-heading-title.elementor-size-large{font-size:29px}.elementor-widget-heading .elementor-heading-title.elementor-size-xl{font-size:39px}.elementor-widget-heading .elementor-heading-title.elementor-size-xxl{font-size:59px}<\/style><h2 class=\"elementor-heading-title elementor-size-default\">Dra. Rosario Del Pilar Boh\u00f3rquez J\u00e1come<\/h2>\t\t<\/div>\n\t\t\t\t<\/div>\n\t\t\t\t<div class=\"elementor-element elementor-element-34b4372 elementor-widget elementor-widget-text-editor\" data-id=\"34b4372\" data-element_type=\"widget\" data-widget_type=\"text-editor.default\">\n\t\t\t\t<div class=\"elementor-widget-container\">\n\t\t\t<style>\/*! elementor - v3.7.2 - 21-08-2022 *\/\n.elementor-widget-text-editor.elementor-drop-cap-view-stacked .elementor-drop-cap{background-color:#818a91;color:#fff}.elementor-widget-text-editor.elementor-drop-cap-view-framed .elementor-drop-cap{color:#818a91;border:3px solid;background-color:transparent}.elementor-widget-text-editor:not(.elementor-drop-cap-view-default) .elementor-drop-cap{margin-top:8px}.elementor-widget-text-editor:not(.elementor-drop-cap-view-default) .elementor-drop-cap-letter{width:1em;height:1em}.elementor-widget-text-editor .elementor-drop-cap{float:left;text-align:center;line-height:1;font-size:50px}.elementor-widget-text-editor .elementor-drop-cap-letter{display:inline-block}<\/style>\t\t\t\t<h6>MEDICINA INTERNA \u2013 ONCOLOGIA CLINICA<\/h6>\t\t\t\t\t\t<\/div>\n\t\t\t\t<\/div>\n\t\t\t\t<div class=\"elementor-element elementor-element-34d4642 elementor-widget elementor-widget-text-editor\" data-id=\"34d4642\" data-element_type=\"widget\" data-widget_type=\"text-editor.default\">\n\t\t\t\t<div class=\"elementor-widget-container\">\n\t\t\t\t\t\t\t<p><strong>Tel\u00e9fonos:<\/strong> 5016549 \u2013 0999618954<\/p><p><strong>E-mail:<\/strong> rosariobjmd@hotmail.com<\/p>\t\t\t\t\t\t<\/div>\n\t\t\t\t<\/div>\n\t\t\t\t\t<\/div>\n\t\t<\/div>\n\t\t\t\t\t\t\t<\/div>\n\t\t<\/section>\n\t\t\t\t<section class=\"elementor-section elementor-top-section elementor-element elementor-element-ad07177 elementor-section-boxed elementor-section-height-default elementor-section-height-default\" data-id=\"ad07177\" data-element_type=\"section\">\n\t\t\t\t\t\t<div class=\"elementor-container elementor-column-gap-default\">\n\t\t\t\t\t<div class=\"elementor-column elementor-col-100 elementor-top-column elementor-element elementor-element-48c1a18\" data-id=\"48c1a18\" data-element_type=\"column\">\n\t\t\t<div class=\"elementor-widget-wrap elementor-element-populated\">\n\t\t\t\t\t\t\t\t<div class=\"elementor-element elementor-element-e02fc21 elementor-widget elementor-widget-heading\" data-id=\"e02fc21\" data-element_type=\"widget\" data-widget_type=\"heading.default\">\n\t\t\t\t<div class=\"elementor-widget-container\">\n\t\t\t<h3 class=\"elementor-heading-title elementor-size-default\">Experiencia Laboral<\/h3>\t\t<\/div>\n\t\t\t\t<\/div>\n\t\t\t\t<div class=\"elementor-element elementor-element-c1a0ddd elementor-widget elementor-widget-text-editor\" data-id=\"c1a0ddd\" data-element_type=\"widget\" data-widget_type=\"text-editor.default\">\n\t\t\t\t<div class=\"elementor-widget-container\">\n\t\t\t\t\t\t\t<ul><li>Coordinadora del Servicio de Oncolog\u00eda INTERHOSPITAL<\/li><li>Jefa del Servicio de Oncolog\u00eda del OMNIHOSPITAL.<\/li><li>M\u00e9dico tratante de Oncolog\u00eda Cl\u00ednica en el HTMC.(1984 \u2013 2019)<\/li><li>Ex Jefa de Oncolog\u00eda &#8211; Cl\u00ednica Panamericana<\/li><li>Ex Jefa Fundadora del Servicio de Oncolog\u00eda: Hospital Universitario<\/li><\/ul>\t\t\t\t\t\t<\/div>\n\t\t\t\t<\/div>\n\t\t\t\t<div class=\"elementor-element elementor-element-66d87b0 elementor-widget elementor-widget-heading\" data-id=\"66d87b0\" data-element_type=\"widget\" data-widget_type=\"heading.default\">\n\t\t\t\t<div class=\"elementor-widget-container\">\n\t\t\t<h3 class=\"elementor-heading-title elementor-size-default\">Reconocimientos<\/h3>\t\t<\/div>\n\t\t\t\t<\/div>\n\t\t\t\t<div class=\"elementor-element elementor-element-aa1b251 elementor-widget elementor-widget-text-editor\" data-id=\"aa1b251\" data-element_type=\"widget\" data-widget_type=\"text-editor.default\">\n\t\t\t\t<div class=\"elementor-widget-container\">\n\t\t\t\t\t\t\t<ul><li>Reconocimiento a la Excelencia Profesional en Salud IOCIM 2016 \u2013 Chile.<\/li><li>M\u00e1xima Distinci\u00f3n Institucional Salud: 2016 \u2013 Chile. \u201cPRIZE TO THE<br \/>MEDICAL BY ACHIEVEMENT FOR A BETTER LIFE\u201d .<\/li><li>Menci\u00f3n de Honor Medico del A\u00d1O 2018 &#8211; HTMC<\/li><li>Condecoraci\u00f3n: Gran Orden General JOSE DE VILLAMIL , Playas- 2018.<\/li><li>Reconocimiento de la Gerencia General del IESS a la Relevante labor y<br \/>entrega a beneficios de los afiliados, jubilados y beneficiarios Octubre 2019.<\/li><li>Reconocimiento de los Pacientes Oncol\u00f3gicos del HTMC \u2013 Octubre 2019.<\/li><li>Reconocimiento del Personal de la Sala de Quimioterapia de la Unidad<br \/>T\u00e9cnica de Oncolog\u00eda HTMC\u2013 Diciembre 2019.<\/li><li>Reconocimiento de la Sociedad Ecuatoriana de Oncolog\u00eda- Guayas 2020.<\/li><\/ul>\t\t\t\t\t\t<\/div>\n\t\t\t\t<\/div>\n\t\t\t\t<div class=\"elementor-element elementor-element-52717ce elementor-widget elementor-widget-heading\" data-id=\"52717ce\" data-element_type=\"widget\" data-widget_type=\"heading.default\">\n\t\t\t\t<div class=\"elementor-widget-container\">\n\t\t\t<h3 class=\"elementor-heading-title elementor-size-default\">Miembro de las siguientes instituciones<\/h3>\t\t<\/div>\n\t\t\t\t<\/div>\n\t\t\t\t<div class=\"elementor-element elementor-element-360a3c9 elementor-widget elementor-widget-text-editor\" data-id=\"360a3c9\" data-element_type=\"widget\" data-widget_type=\"text-editor.default\">\n\t\t\t\t<div class=\"elementor-widget-container\">\n\t\t\t\t\t\t\t<ul><li>Miembro Activo de la Sociedad Ecuatoriana de Oncolog\u00eda SEO<\/li><li>Miembro Activo de la Sociedad Espa\u00f1ola de Senolog\u00eda<\/li><li>Miembro Activo de la American Society of Clinical Oncology- ASCO<\/li><li>Miembro Activo Elite IOCIM \u2013 Santiago de Chile 2016.<\/li><li>Socia Activa Sociedad Ecuatoriana de Patolog\u00eda Mamaria (SEPAM).<\/li><\/ul>\t\t\t\t\t\t<\/div>\n\t\t\t\t<\/div>\n\t\t\t\t\t<\/div>\n\t\t<\/div>\n\t\t\t\t\t\t\t<\/div>\n\t\t<\/section>\n\t\t\t\t\t\t\t<\/div>\n\t\t","protected":false},"excerpt":{"rendered":"<p>Dra. Rosario Del Pilar Boh\u00f3rquez J\u00e1come MEDICINA INTERNA \u2013 ONCOLOGIA CLINICA Tel\u00e9fonos: 5016549 \u2013 0999618954 E-mail: rosariobjmd@hotmail.com Experiencia Laboral Coordinadora [&hellip;]<\/p>\n","protected":false},"author":1,"featured_media":0,"parent":0,"menu_order":0,"comment_status":"closed","ping_status":"closed","template":"","meta":{"footnotes":""},"class_list":["post-815","page","type-page","status-publish","hentry"],"_links":{"self":[{"href":"https:\/\/oncohem.com.ec\/index.php\/wp-json\/wp\/v2\/pages\/815","targetHints":{"allow":["GET"]}}],"collection":[{"href":"https:\/\/oncohem.com.ec\/index.php\/wp-json\/wp\/v2\/pages"}],"about":[{"href":"https:\/\/oncohem.com.ec\/index.php\/wp-json\/wp\/v2\/types\/page"}],"author":[{"embeddable":true,"href":"https:\/\/oncohem.com.ec\/index.php\/wp-json\/wp\/v2\/users\/1"}],"replies":[{"embeddable":true,"href":"https:\/\/oncohem.com.ec\/index.php\/wp-json\/wp\/v2\/comments?post=815"}],"version-history":[{"count":7,"href":"https:\/\/oncohem.com.ec\/index.php\/wp-json\/wp\/v2\/pages\/815\/revisions"}],"predecessor-version":[{"id":822,"href":"https:\/\/oncohem.com.ec\/index.php\/wp-json\/wp\/v2\/pages\/815\/revisions\/822"}],"wp:attachment":[{"href":"https:\/\/oncohem.com.ec\/index.php\/wp-json\/wp\/v2\/media?parent=815"}],"curies":[{"name":"wp","href":"https:\/\/api.w.org\/{rel}","templated":true}]}}